en 2134 is divided by 2133?
1
What is the remainder when 123 is divided by 66?
57
What is the remainder when 479 is divided by 32?
31
Calculate the remainder when 492 is divided by 26.
24
Calculate the remainder when 153 is divided by 10.
3
Calculate the remainder when 12948 is divided by 185.
183
Calculate the remainder when 111 is divided by 44.
23
What is the remainder when 1918 is divided by 18?
10
Calculate the remainder when 2539 is divided by 631.
15
Calculate the remainder when 10981 is divided by 17.
16
What is the remainder when 120 is divided by 64?
56
What is the remainder when 79 is divided by 44?
35
Calculate the remainder when 96 is divided by 34.
28
What is the remainder when 521 is divided by 105?
101
What is the remainder when 370 is divided by 183?
4
What is the remainder when 439 is divided by 34?
31
Calculate the remainder when 18592 is divided by 200.
192
What is the remainder when 192 is divided by 49?
45
What is the remainder when 70 is divided by 13?
5
Calculate the remainder when 699 is divided by 5.
4
What is the remainder when 2848 is divided by 52?
40
Calculate the remainder when 1003 is divided by 72.
67
What is the remainder when 894 is divided by 82?
74
What is the remainder when 71 is divided by 5?
1
Calculate the remainder when 1923 is divided by 640.
3
Calculate the remainder when 114 is divided by 13.
10
What is the remainder when 100 is divided by 23?
8
What is the remainder when 151 is divided by 145?
6
What is the remainder when 226 is divided by 38?
36
What is the remainder when 8606 is divided by 19?
18
What is the remainder when 419 is divided by 9?
5
What is the remainder when 94 is divided by 16?
14
What is the remainder when 1233 is divided by 89?
76
Calculate the remainder when 114 is divided by 31.
21
What is the remainder when 36 is divided by 8?
4
What is the remainder when 35 is divided by 18?
17
What is the remainder when 81 is divided by 19?
5
What is the remainder when 189 is divided by 19?
18
What is the remainder when 163 is divided by 52?
7
Calculate the remainder when 1906 is divided by 9.
7
What is the remainder when 402 is divided by 187?
28
Calculate the remainder when 790 is divided by 13.
10
Calculate the remainder when 429 is divided by 187.
55
What is the remainder when 27 is divided by 23?
4
What is the remainder when 63 is divided by 44?
19
Calculate the remainder when 128 is divided by 44.
40
Calculate the remainder when 689 is divided by 173.
170
Calculate the remainder when 1565 is divided by 104.
5
What is the remainder when 117 is divided by 24?
21
Calculate the remainder when 1053 is divided by 96.
93
What is the remainder when 71 is divided by 9?
8
Calculate the remainder when 69 is divided by 28.
13
What is the remainder when 78 is divided by 36?
6
Calculate the remainder when 1589 is divided by 31.
8
What is the remainder when 537 is divided by 22?
9
What is the remainder when 2957 is divided by 148?
145
What is the remainder when 747 is divided by 44?
43
What is the remainder when 1603 is divided by 73?
70
Calculate the remainder when 683 is divided by 43.
38
Calculate the remainder when 107 is divided by 5.
2
Calculate the remainder when 15973 is divided by 49.
48
Calculate the remainder when 1329 is divided by 19.
18
Calculate the remainder when 204 is divided by 61.
21
Calculate the remainder when 467 is divided by 28.
19
What is the remainder when 1105 is divided by 30?
25
Calculate the remainder when 845 is divided by 404.
37
What is the remainder when 216 is divided by 39?
21
What is the remainder when 427 is divided by 39?
37
Calculate the remainder when 766 is divided by 190.
6
What is the remainder when 113 is divided by 22?
3
Calculate the remainder when 2493 is divided by 27.
9
Calculate the remainder when 537 is divided by 45.
42
Calculate the remainder when 868 is divided by 15.
13
What is the remainder when 134 is divided by 4?
2
Calculate the remainder when 876 is divided by 37.
25
What is the remainder when 910 is divided by 107?
54
What is the remainder when 429 is divided by 64?
45
Calculate the remainder when 433 is divided by 15.
13
What is the remainder when 1595 is divided by 252?
83
What is the remainder when 71 is divided by 38?
33
Calculate the remainder when 148 is divided by 31.
24
What is the remainder when 447 is divided by 41?
37
Calculate the remainder when 24518 is divided by 122.
118
Calculate the remainder when 918 is divided by 102.
0
Calculate the remainder when 217 is divided by 31.
0
What is the remainder when 74 is divided by 22?
8
Calculate the remainder when 143 is divided by 135.
8
Calculate the remainder when 1937 is divided by 38.
37
Calculate the remainder when 146 is divided by 50.
46
What is the remainder when 168 is divided by 30?
18
Calculate the remainder when 62 is divided by 22.
18
What is the remainder when 3959 is divided by 18?
17
Calculate the remainder when 101 is divided by 54.
47
Calculate the remainder when 1302 is divided by 1294.
8
Calculate the remainder when 305 is divided by 40.
25
What is the remainder when 246 is divided by 82?
0
What is the remainder when 3021 is divided by 36?
33
Calculate the remainder when 187 is divided by 62.
1
Calculate the remainder when 4878 is divided by 163.
151
Calculate the remainder when 198 is divided by 34.
28
Calculate the remainder when 130 is divided by 41.
7
Calculate the remainder when 194 is divided by 98.
96
Calculate the remainder when 1183 is divided by 1167.
16
What is the remainder when 2 is divided by 2?
0
Calculate the remainder when 18 is divided by 6.
0
What is the remainder when 632 is divided by 122?
22
What is the remainder when 2180 is divided by 156?
152
Calculate the remainder when 124 is divided by 15.
4
Calculate the remainder when 4168 is divided by 95.
83
What is the remainder when 688 is divided by 39?
25
What is the remainder when 17135 is divided by 56?
55
Calculate the remainder when 3457 is divided by 10.
7
Calculate the remainder when 23230 is divided by 192.
190
What is the remainder when 543 is divided by 8?
7
What is the remainder when 815 is divided by 16?
15
What is the remainder when 432 is divided by 31?
29
Calculate the remainder when 2459 is divided by 30.
29
Calculate the remainder when 13028 is divided by 101.
100
Calculate the remainder when 86 is divided by 24.
14
Calculate the remainder when 1597 is divided by 25.
22
What is the remainder when 351 is divided by 341?
10
Calculate the remainder when 4318 is divided by 173.
166
What is the remainder when 195 is divided by 4?
3
Calculate the remainder when 512 is divided by 442.
70
What is the remainder when 189 is divided by 86?
17
What is the remainder when 88 is divided by 7?
4
Calculate the remainder when 537 is divided by 108.
105
What is the remainder when 256 is divided by 130?
126
What is the remainder when 256 is divided by 109?
38
Calculate the remainder when 10 is divided by 3.
1
Calculate the remainder when 7247 is divided by 14.
9
Calculate the remainder when 1939 is divided by 93.
79
Calculate the remainder when 53 is divided by 23.
7
Calculate the remainder when 754 is divided by 134.
84
Calculate the remainder when 633 is divided by 242.
149
What is the remainder when 37010 is divided by 39?
38
What is the remainder when 394 is divided by 133?
128
Calculate the remainder when 3913 is divided by 301.
0
What is the remainder when 626 is divided by 79?
73
What is the remainder when 148 is divided by 13?
5
What is the remainder when 8853 is divided by 164?
161
What is the remainder when 277 is divided by 63?
25
What is the remainder when 155 is divided by 26?
25
What is the remainder when 410 is divided by 12?
2
What is the remainder when 4387 is divided by 19?
17
What is the remainder when 2076 is divided by 19?
5
Calculate the remainder when 180 is divided by 95.
85
Calculate the remainder when 985 is divided by 40.
25
Calculate the remainder when 9076 is divided by 211.
3
What is the remainder when 428 is divided by 5?
3
What is the remainder when 9661 is divided by 1932?
1
Calculate the remainder when 52 is divided by 5.
2
What is the remainder when 220 is divided by 33?
22
What is the remainder when 95 is divided by 45?
5
What is the remainder when 895 is div